-13. What are the prime factors of b?
2, 5
Let v(a) = -a**3 + 4*a**2 - 3*a + 4. What are the prime factors of v(3)?
2
Let y be (-16)/(-6) - (-3)/9. Suppose -y*n = -7 - 11. List the prime factors of n.
2, 3
Let c(b) = -11*b**2 - 4. Let t(v) = v**2 - 1. Let f be t(-2). Let z(m) = -12*m**2 - 5. Let l(k) = f*z(k) - 4*c(k). List the prime factors of l(-1).
3
Suppose -7*w + 2*w + 125 = 0. List the prime factors of w.
5
Suppose -2*w = 2*w - 72. Suppose -4*i - 2 - w = 0. Let z(a) = -a**3 - 4*a**2 + 4*a + 4. List the prime factors of z(i).
3
Let q(j) = -3*j**3 - 2*j**2 - 7*j - 2. List the prime factors of q(-3).
2, 41
Suppose x + 4*f = 5, -4*x = -0*x + f + 55. Let y = -10 + x. Let m = -13 - y. What are the prime factors of m?
2, 3
Suppose -4*u + 40 = -3*p, -20 = -2*u - 2*p - p. Suppose -u = 5*x - 55. List the prime factors of x.
3
Let p(f) = f**3 - f**2 + 8. Let s be p(0). Suppose -4*n = -5*h + 3*h + 8, 0 = -3*n + h - s. Let w = 10 + n. List the prime factors of w.
2, 3
Suppose -2*a - 2*a = -48. Let c be (-1 + 0)*(2 + -2). Suppose 0*i + i - a = c. What are the prime factors of i?
2, 3
Suppose -f - 3*j = -j - 110, 0 = 3*f - 4*j - 300. List the prime factors of f.
2, 13
Suppose 10 = 5*t - 4*t. Let i = t - 5. List the prime factors of i.
5
Suppose -5*h = -91 + 26. List the prime factors of h.
13
Suppose 4*j = 5*j - 13. What are the prime factors of j?
13
Let t(l) = 22*l**3 - l**2 - l - 1. Suppose -3*u - 3 = -0*u. Let z be t(u). Let f = -12 - z. What are the prime factors of f?
11
Suppose -3*i - 4 = -5*i. Suppose 0 = 4*n - j - j - 16, i*n - 14 = 4*j. Suppose 7*d - n*d - 16 = 0. What are the prime factors of d?
2
Let j(x) = -x + 11. Let p be j(8). Suppose 90 = -p*m + 27. Let t = -15 - m. What are the prime factors of t?
2, 3
Suppose 5*d - 108 = 2*d. What are the prime factors of d?
2, 3
Let j be -4*(12/(-4) + -1). List the prime factors of (4/5)/(j/760).
2, 19
Suppose 3*k = -7*y + 2*y + 18, k + 4 = -5*y. List the prime factors of k - (-1 + -2)/(-3).
2, 5
Let h(k) = k**2 - 6*k + 5. Let g be h(6). Suppose -4*l = -2*z - 100, -g*l = -2*l - 4*z - 65. What are the prime factors of l?
3
Let d(o) = o**2 - o - 3. Let g be d(4). Let i(p) = -5*p + 1 + g*p - 2. List the prime factors of i(1).
3
Suppose 0 = o - 3. Suppose 4*q - 21 = o*q. What are the prime factors of q?
3, 7
What are the prime factors of (4 + (-116)/(-8))*2?
37
Let t = 14 + -15. Let g = 1 - t. What are the prime factors of g?
2
Suppose -4*x = -x - 3, 3*t = -x + 10. Suppose -4*i = -t - 25. What are the prime factors of i?
7
Suppose q = 2*b - 5, 3*b - 3*q = 19 - 4. Suppose -65 = -5*s + p, -2*s + 3*s - 4*p - 13 = b. List the prime factors of s.
13
Let x = 4 + -2. Suppose 0 - 4 = -x*k. Suppose -k = -4*t + 18. List the prime factors of t.
5
Let a(i) = -6*i**3 - 3*i**2 + i - 2. Let h be a(-3). Suppose 159 = 5*m - l, -l = -4*m - 3*l + h. Let q = -23 + m. List the prime factors of q.
3
Let l = 84 + -60. List the prime factors of l.
2, 3
What are the prime factors of 639/12 - -4 - (-2)/(-8)?
3, 19
Let a(q) = q**3 - 5*q**2 + 7*q - 10. Let g be a(5). Suppose 5*z - 10 - g = 0. List the prime factors of z.
7
Suppose -2*g + 8 = 4*p, p = -4*g - g - 16. Suppose -2*y = -p*y + 104. List the prime factors of y.
2, 13
Let r = 852 - 565. List the prime factors of r.
7, 41
Let f(o) = o**2 - 6*o + 3. Let j be f(6). Suppose s = 4 + j. Let z = 13 - s. What are the prime factors of z?
2, 3
Suppose -m - 13 + 55 = 0. Suppose -4*l + m = -l + 3*r, 54 = 5*l + r. What are the prime factors of 2/(-3)*(-105)/l?
7
Suppose 0 = -w - 2*l - l + 2, -5*l = -2*w + 4. Suppose -18 = -w*g - v - 3, -3*v = -g + 18. List the prime factors of g.
3
Suppose -7 + 1 = -5*w + 2*q, -15 = 5*q. Suppose w*t - 3*t - 7 = h, 95 = -5*h + 5*t. Let s = h - -24. What are the prime factors of s?
2
Let u = 13 + -5. Let y(h) = h**3 - 7*h**2 - 6*h - 10. List the prime factors of y(u).
2, 3
Suppose -s + 28 = -2*t, -100 = -4*s - t - 6. Suppose h + 3*h = s. What are the prime factors of h?
2, 3
Suppose 4*l - 5 - 19 = 0. Suppose -2*b = -4*b + 20. Let y = b - l. What are the prime factors of y?
2
Let z = -18 - -41. Let v = -15 + 28. Suppose 2*d - v = -n + 4, z = 3*n - d. List the prime factors of n.
3
Suppose 2*v = -4*w + 2, -3*w = 2*w - 5. Let s(i) = -6*i**2 - 2*i - 1. Let d be s(v). Let g = d + 15. What are the prime factors of g?
2, 5
Let l(f) = 5*f**3 + 12*f**2 + 13*f + 12. Let k(d) = -d**3 - d**2 - d - 1. Let n be 36/8*4/3. Let v(x) = n*k(x) + l(x). List the prime factors of v(7).
2, 3
Suppose -u = -3*u - 10. Suppose 0 = -4*z + 2*w + 26, 3*z = 7*z + 3*w - 31. Let f = u + z. List the prime factors of f.
2
Let n(s) = 2*s**3 - s**2 - 2*s - 5. List the prime factors of n(3).
2, 17
Let m = 0 + 0. Suppose m = -0*f - f. Suppose 12 = t - f*t. List the prime factors of t.
2, 3
Let q(u) = u + 8 + u + 0*u - u. Let z be q(-8). What are the prime factors of 3/(9/12) - z?
2
Let i be 2*22 + -2*1. Suppose -5*y - 18 = -4*p + 8, -14 = -3*y - 5*p. List the prime factors of i/5 + y/5.
2
Let q be 0 - (0 - -1 - -8). Let n = -17 - q. Let h = n - -15. What are the prime factors of h?
7
Suppose -2*r - 4*j = r - 291, 0 = -3*r - j + 300. What are the prime factors of r?
101
Let t(s) = 4*s - 2. Let i(j) = 5*j - 1. Let h(x) = -2*i(x) + 3*t(x). Let b be h(3). Suppose -3*d + 20 = b*d. What are the prime factors of d?
2
Suppose -q - 4 = 3*q. Let b be (4/2 + -2)/q. What are the prime factors of (-3)/(b - 3/5)?
5
Suppose 0 = 4*s + t - 189, -3*s + 8*s - 4*t = 252. List the prime factors of s.
2, 3
Suppose -p + 992 = 7*p. List the prime factors of p.
2, 31
Suppose -4*z = -2*s - 38, -16 - 10 = -z - 5*s. List the prime factors of z.
11
Let h(w) = 3*w**3 + 5*w + 3 - w**2 + 2*w**2 - 4*w**3. Let d be h(-3). Suppose 0 = q + q - d. List the prime factors of q.
2, 3
Suppose 0 = -4*j + 8*j - 252. Let r = -36 + j. What are the prime factors of r?
3
List the prime factors of 269 + 0/(-1 - 3).
269
Suppose 34 = 5*q - y, 2*q - 3*y + 5*y - 4 = 0. Let m be (-10)/(-4)*q + 0. List the prime factors of ((-8)/6)/((-2)/m).
2, 5
Let c(d) = 8*d**2 + 3*d - 2. What are the prime factors of c(-3)?
61
Let u(b) = 3*b + 3 - 13*b**3 - b**2 - 16*b**3 + 26*b**3. What are the prime factors of u(-2)?
17
Let j(g) = -13*g + 9. Let w(k) = -32*k + 22. Let a(h) = 12*j(h) - 5*w(h). What are the prime factors of a(3)?
2, 5
Let k(x) = -2*x**3 - 2*x. Let y be k(-3). Suppose 8*g - y = 4*g. Suppose g = i + 5*b, -5*i + 2*i - 2*b = -32. List the prime factors of i.
2, 5
Let q(y) = 69*y**2 + 4*y + 3. What are the prime factors of q(-1)?
2, 17
Let n = 3 + -3. Suppose -5*v + n*v + 5*d = 85, -2*d = -10. What are the prime factors of -1*(0 + v/1)?
2, 3
Let k(c) = c**2 + 2*c - 10. List the prime factors of k(6).
2, 19
Let f be (3 - 6)/(-3)*2. Let m = f + 3. What are the prime factors of m?
5
Let j(p) = 32*p**2 - 2*p + 8. What are the prime factors of j(2)?
2, 3, 11
Suppose 2*q - 1 - 3 = 0. Suppose -4*y = -q - 10. Suppose y*d - 5 = 4. What are the prime factors of d?
3
Suppose 0 = -5*c - 5*f + 28 + 22, 14 = 3*c - f. Suppose 3*k - c*k - 2*y = -6, 4*k - y = 19. Let j = k - -7. List the prime factors of j.
11
Suppose m = 3*o - 38, o - m = 2*m + 18. What are the prime factors of o?
2, 3
Suppose 3*f - 196 = c, 3*c = 2*c + 5. What are the prime factors of f?
67
Suppose 25 = -5*i, -3*i - 175 = -0*y - 5*y. What are the prime factors of y?
2
Suppose -l - l - 16 = 0. Let o(p) = -5 - 7*p + p**2 - 2*p**2 - 3*p. List the prime factors of o(l).
11
Suppose 2*l - 18 = l. Suppose 2*k = -k + l. Suppose k = -4*o + 22. List the prime factors of o.
2
Let b = 26 + -1. Suppose -2*z = 3*z - b. Suppose -u + z*v - 10 = -6*u, 4*u = v + 8. What are the prime factors of u?
2
Let t = 5 - 13. Suppose 0 = 2*f, 2*b = 4*f - 0 - 2. Let h = b - t. List the prime factors of h.
7
Suppose 0 = 4*v + 8 + 20. Let f be (-11)/22 - 55/(-2). Let x = f + v. What are the prime factors of x?
2, 5
Let r = -141 + 224. List the prime factors of r.
83
Let h = 20 + -30. What are the prime factors of 4/h + (-48)/(-20)?
2
Suppose 4*u + 0 = 12. Let r(y) = y**2 - y + 3. List the prime factors of r(u).
3
Suppose -f = 3*h + 14, -f - 2*h = -4*f - 20. Let i = f + 39. List the prime factors of i.
31
Let x(f) = 11*f**2 + f - 1. What are the prime factors of x(-1)?
3
Let u(v) = v**3 + 6*v**2 + 5*v + 7. Let h be u(-5).